
Calculate the remainder when 1299 is divided by 14.
11
What is the remainder when 354 is divided by 111?
21
What is the remainder when 291 is divided by 153?
138
What is the remainder when 15 is divided by 2?
1
Calculate the remainder when 1568 is divided by 11.
6
What is the remainder when 209 is divided by 43?
37
What is the remainder when 403 is divided by 134?
1
Calculate the remainder when 125 is divided by 51.
23
What is the remainder when 2187 is divided by 15?
12
What is the remainder when 33 is divided by 21?
12
What is the remainder when 5416 is divided by 32?
8
What is the remainder when 573 is divided by 160?
93
Calculate the remainder when 167 is divided by 27.
5
Calculate the remainder when 90 is divided by 78.
12
What is the remainder when 438 is divided by 26?
22
What is the remainder when 350 is divided by 47?
21
What is the remainder when 2351 is divided by 21?
20
What is the remainder when 166 is divided by 15?
1
Calculate the remainder when 61 is divided by 14.
5
Calculate the remainder when 711 is divided by 564.
147
Calculate the remainder when 1310 is divided by 18.
14
What is the remainder when 220 is divided by 118?
102
Calculate the remainder when 433 is divided by 91.
69
Calculate the remainder when 41 is divided by 7.
6
Calculate the remainder when 41 is divided by 14.
13
What is the remainder when 247 is divided by 71?
34
Calculate the remainder when 174 is divided by 20.
14
What is the remainder when 1290 is divided by 272?
202
What is the remainder when 55 is divided by 20?
15
What is the remainder when 7276 is divided by 35?
31
Calculate the remainder when 1226 is divided by 44.
38
What is the remainder when 43 is divided by 11?
10
Calculate the remainder when 773 is divided by 129.
128
Calculate the remainder when 206 is divided by 16.
14
What is the remainder when 43 is divided by 22?
21
Calculate the remainder when 647 is divided by 210.
17
What is the remainder when 535 is divided by 97?
50
Calculate the remainder when 93 is divided by 82.
11
Calculate the remainder when 193 is divided by 64.
1
What is the remainder when 249 is divided by 52?
41
What is the remainder when 819 is divided by 10?
9
Calculate the remainder when 69 is divided by 10.
9
What is the remainder when 818 is divided by 76?
58
Calculate the remainder when 16260 is divided by 39.
36
What is the remainder when 462 is divided by 249?
213
Calculate the remainder when 302 is divided by 146.
10
Calculate the remainder when 9 is divided by 7.
2
What is the remainder when 208 is divided by 21?
19
Calculate the remainder when 11541 is divided by 5768.
5
Calculate the remainder when 61 is divided by 52.
9
What is the remainder when 106 is divided by 14?
8
Calculate the remainder when 434 is divided by 88.
82
What is the remainder when 733 is divided by 30?
13
Calculate the remainder when 795 is divided by 14.
11
What is the remainder when 685 is divided by 49?
48
What is the remainder when 243 is divided by 42?
33
What is the remainder when 2253 is divided by 283?
272
What is the remainder when 900 is divided by 448?
4
Calculate the remainder when 1017 is divided by 178.
127
What is the remainder when 1168 is divided by 94?
40
What is the remainder when 452 is divided by 111?
8
Calculate the remainder when 1031 is divided by 250.
31
Calculate the remainder when 702 is divided by 5.
2
Calculate the remainder when 147 is divided by 68.
11
Calculate the remainder when 443 is divided by 91.
79
Calculate the remainder when 334 is divided by 40.
14
Calculate the remainder when 393 is divided by 280.
113
What is the remainder when 206 is divided by 30?
26
Calculate the remainder when 642 is divided by 92.
90
Calculate the remainder when 1597 is divided by 32.
29
Calculate the remainder when 153 is divided by 9.
0
What is the remainder when 3496 is divided by 1746?
4
What is the remainder when 1419 is divided by 156?
15
Calculate the remainder when 248 is divided by 62.
0
What is the remainder when 221 is divided by 37?
36
What is the remainder when 1511 is divided by 41?
35
Calculate the remainder when 244 is divided by 31.
27
What is the remainder when 98 is divided by 10?
8
What is the remainder when 119 is divided by 30?
29
Calculate the remainder when 808 is divided by 31.
2
What is the remainder when 218 is divided by 215?
3
Calculate the remainder when 138 is divided by 28.
26
What is the remainder when 30839 is divided by 257?
256
Calculate the remainder when 632 is divided by 124.
12
What is the remainder when 1206 is divided by 596?
14
What is the remainder when 4028 is divided by 237?
236
Calculate the remainder when 160 is divided by 33.
28
What is the remainder when 93 is divided by 40?
13
Calculate the remainder when 394 is divided by 49.
2
Calculate the remainder when 126 is divided by 64.
62
Calculate the remainder when 2125 is divided by 7.
4
What is the remainder when 35 is divided by 2?
1
Calculate the remainder when 759 is divided by 201.
156
What is the remainder when 1174 is divided by 62?
58
What is the remainder when 28667 is divided by 94?
91
What is the remainder when 347 is divided by 61?
42
Calculate the remainder when 136 is divided by 28.
24
Calculate the remainder when 297 is divided by 28.
17
Calculate the remainder when 238 is divided by 112.
14
What is the remainder when 857 is divided by 287?
283
Calculate the remainder when 111 is divided by 87.
24
What is the remainder when 1778 is divided by 137?
134
What is the remainder when 1700 is divided by 63?
62
What is the remainder when 36 is divided by 8?
4
Calculate the remainder when 210 is divided by 57.
39
Calculate the remainder when 242 is divided by 27.
26
Calculate the remainder when 20 is divided by 10.
0
What is the remainder when 1000 is divided by 168?
160
Calculate the remainder when 708 is divided by 31.
26
Calculate the remainder when 1005 is divided by 72.
69
Calculate the remainder when 216 is divided by 31.
30
What is the remainder when 42 is divided by 34?
8
Calculate the remainder when 1261 is divided by 315.
1
Calculate the remainder when 74 is divided by 25.
24
What is the remainder when 65 is divided by 23?
19
Calculate the remainder when 19263 is divided by 32.
31
Calculate the remainder when 1163 is divided by 12.
11
Calculate the remainder when 354 is divided by 172.
10
Calculate the remainder when 633 is divided by 40.
33
Calculate the remainder when 2811 is divided by 97.
95
What is the remainder when 23648 is divided by 11?
9
What is the remainder when 113 is divided by 19?
18
Calculate the remainder when 379 is divided by 102.
73
Calculate the remainder when 1558 is divided by 387.
10
What is the remainder when 1244 is divided by 8?
4
Calculate the remainder when 37 is divided by 4.
1
What is the remainder when 115 is divided by 30?
25
What is the remainder when 12979 is divided by 59?
58
What is the remainder when 222 is divided by 46?
38
What is the remainder when 294 is divided by 26?
8
Calculate the remainder when 47562 is divided by 15.
12
What is the remainder when 121 is divided by 39?
4
Calculate the remainder when 2883 is divided by 103.
102
Calculate the remainder when 1727 is divided by 116.
103
What is the remainder when 245 is divided by 29?
13
What is the remainder when 100 is divided by 6?
4
Calculate the remainder when 212 is divided by 36.
32
Calculate the remainder when 1852 is divided by 64.
60
What is the remainder when 63 is divided by 18?
9
What is the remainder when 448 is divided by 24?
16
Calculate the remainder when 162 is divided by 8.
2
What is the remainder when 13631 is divided by 12?
11
What is the remainder when 64 is divided by 5?
4
What is the remainder when 152 is divided by 78?
74
What is the remainder when 1356 is divided by 423?
87
Calculate the remainder when 276 is divided by 77.
45
Calculate the remainder when 4437 is divided by 14.
13
What is the remainder when 271 is divided by 89?
4
Calculate the remainder when 674 is divided by 31.
23
Calculate the remainder when 6381 is divided by 32.
13
Calculate the remainder when 797 is divided by 85.
32
What is the remainder when 10 is divided by 7?
3
What is the remainder when 720 is divided by 215?
75
Calculate the remainder when 1580 is divided by 14.
12